306029 (base 12) to base 7.
-6301461
What is -121120222022 (base 3) in base 11?
-2033a5
Convert -a17c (base 15) to base 9.
-51680
Convert 32335 (base 13) to base 5.
10400003
What is 120111303 (base 5) in base 2?
10000110011110101100
Convert 7e6d4b (base 15) to base 9.
12336688
What is -295b1 (base 16) in base 15?
-352cd
Convert -39c9 (base 14) to base 7.
-41442
-8286528 (base 9) to base 2
-10000111000110010100111
Convert -128b253 (base 14) to base 7.
-136005233
What is -285017 (base 11) in base 16?
-6cdcf
-85898 (base 10) to base 12
-41862
-617509 (base 13) to base 16
-22ad28
What is 60bb8 (base 13) in base 16?
2a540
Convert 145465 (base 8) to base 16.
cb35
What is 1cbc53 (base 13) in base 15?
e9528
What is -671084 (base 9) in base 5?
-100313101
Convert 1208d60 (base 15) to base 11.
7338612
Convert -111010100011001010100 (base 2) to base 6.
-105042100
Convert -91f2d2 (base 16) to base 9.
-18887486
What is -207c079 (base 14) in base 9?
-31812318
-13541252 (base 6) to base 14
-c12b6
20211010210 (base 3) to base 4
200301132
What is 60335 (base 7) in base 12?
852b
-265b1 (base 15) to base 14
-32a6b
What is 157680 (base 11) in base 6?
5123231
What is c3a32 (base 14) in base 9?
787356
Convert -111011112202121 (base 3) to base 14.
-d02535
Convert -234bbb (base 12) to base 16.
-8acbf
What is 131443102 (base 5) in base 9?
1208808
What is -3301 (base 5) in base 2?
-111000011
What is -243425 (base 10) in base 5?
-30242200
What is -1110011000011011111 (base 2) in base 7?
-4001642
What is -344333 (base 5) in base 15?
-3a63
What is 6a2760 (base 12) in base 13?
479013
What is -315066 (base 8) in base 12?
-50932
-6d2665 (base 15) to base 4
-103323002222
What is -110011011010100 (base 2) in base 9?
-40088
Convert 20649 (base 12) to base 4.
22112121
What is -14172 (base 16) in base 7?
-461625
What is 25714 (base 12) in base 9?
77127
Convert -442046 (base 9) to base 16.
-40704
7b22 (base 15) to base 11
186a7
Convert -18bb9 (base 13) to base 10.
-48148
Convert 24202330 (base 5) to base 7.
1625653
What is 10222011410 (base 5) in base 6?
1022032050
248560 (base 9) to base 7
1165110
Convert 2044012010 (base 5) to base 13.
b6c108
Convert -44a4b (base 13) to base 4.
-132131301
-a009413 (base 11) to base 3
-1020100200100211
Convert 1110000120210 (base 3) to base 4.
2323200333
Convert -28d332 (base 14) to base 16.
-15a810
What is -11233331 (base 6) in base 8?
-1245267
What is 2223013331 (base 4) in base 8?
2530775
Convert c2e8d (base 15) to base 13.
188107
-64876 (base 13) to base 8
-542543
7a7d3 (base 15) to base 11
246a33
Convert 1581722 (base 12) to base 14.
8270b8
3303132112 (base 4) to base 8
3633626
What is -8755250 (base 9) in base 8?
-21736530
What is -80ab6d (base 14) in base 12?
-154b139
-9256644 (base 11) to base 12
-5584870
What is -13062676 (base 8) in base 3?
-12110211021002
Convert -100121001212 (base 3) to base 7.
-1414421
Convert -135434 (base 10) to base 14.
-374dc
10111000000101010 (base 2) to base 3
11210021202
What is -313054 (base 7) in base 12?
-2722a
22818521 (base 9) to base 11
6301153
What is -5db27 (base 15) in base 10?
-299512
-7563220 (base 10) to base 15
-9e5e4a
What is 175651 (base 10) in base 6?
3433111
Convert 1205b (base 13) to base 15.
9bc1
5371566 (base 9) to base 10
2881473
Convert -79545 (base 12) to base 10.
-161477
Convert 1703100 (base 11) to base 14.
557d56
Convert 359840 (base 10) to base 4.
1113312200
Convert 81a839 (base 15) to base 10.
6161229
-10111111110111101 (base 2) to base 15
-1e192
Convert 18822085 (base 9) to base 14.
139bd46
Convert -21642 (base 11) to base 3.
-1121001102
What is -34297 (base 15) in base 6?
-3320211
What is 1241330 (base 6) in base 9?
112820
Convert -102220111212 (base 3) to base 2.
-111001001110001111
Convert 168579 (base 10) to base 7.
1301325
21b023 (base 12) to base 5
114144220
What is 16d471 (base 15) in base 4?
10032200212
What is -197745 (base 12) in base 16?
-6d865
What is -5221777 (base 8) in base 3?
-2121101111202
a66aa (base 12) to base 7
1600450
Convert -4a9567 (base 11) to base 10.
-803271
What is -833056 (base 9) in base 15?
-9b6e3
What is -118756 (base 9) in base 4?
-101211330
-101010110001111110 (base 2) to base 5
-21101410
What is 1670123 (base 8) in base 7?
4100206
231312424 (base 5) to base 11
651642
Convert 100111200110 (base 3) to base 10.
187122
Convert 2291c (base 15) to base 3.
12120222000
What is 101110000011101100 (base 2) in base 16?
2e0ec
bc44c4 (base 13) to base 5
2113432304
-468184 (base 10) to base 15
-93ac4
What is -3331150 (base 6) in base 8?
-507052
-3777833 (base 9) to base 14
-3b8702
-20022110020112 (base 3) to base 6
-155524322
What is -1101131 (base 6) in base 5?
-3222303
Convert -1534251 (base 6) to base 12.
-44387
25173003 (base 8) to base 11
3163361
-d6cc (base 15) to base 9
-68263
What is 848c0 (base 14) in base 9?
537010
-4003242 (base 5) to base 9
-105311
2420254 (base 6) to base 9
213327
8009819 (base 10) to base 3
120001221101222
Convert -33130131 (base 4) to base 3.
-10012210000
Convert -9529d (base 15) to base 12.
-1a994a
Convert -636217 (base 8) to base 15.
-42cab
What is -6b65 (base 16) in base 2?
-110101101100101
Convert -110121123 (base 4) to base 6.
-1442443
Convert 3555 (base 10) to base 5.
103210
What is 22301013022 (base 4) in base 10?
2822602
-4a2c21 (base 14) to base 12
-a279b9
What is 129c3e (base 16) in base 15?
19159b
What is -501269 (base 10) in base 5?
-112020034
Convert 2245129 (base 10) to base 2.
1000100100001000001001
Convert -30cda (base 15) to base 7.
-1213153
What is -224b08 (base 12) in base 16?
-85b38
-65a756 (base 11) to base 2
-100000001010000100001
110101222012 (base 3) to base 13
871c1
What is 222122122001 (base 3) in base 12?
213717
-19a564 (base 11) to base 5
-34304210
Convert 21869 (base 14) to base 12.
3b019
What is -af88a (base 16) in base 7?
-6053112
111100111011101111010 (base 2) to base 16
1e777a
What is 3c286 (base 13) in base 8?
333557
What is 180640b (base 12) in base 3?
100101101200202
What is -101031333 (base 4) in base 6?
-1302303
What is -c9c41 (base 14) in base 9?
-823480
-12102011212 (base 3) to base 12
-51805
Convert c307 (base 14) to base 15.
9ded
Convert 13345875 (base 9) to base 2.
11001000111101011010100
Convert 313312231 (base 4) to base 14.
5d537
2569629 (base 10) to base 5
1124212004
-2cba1 (base 14) to base 4
-123112321
11227305 (base 10) to base 16
ab50a9
Convert -150553233 (base 7) to base 6.
-553522203
10773174 (base 9) to base 14
9a7406
What is b433 (base 14) in base 16?
7925
Convert -12110112101 (base 3) to base 7.
-625363
5eea3 (base 16) to base 2
1011110111010100011
What is 10011001011001011 (base 2) in base 15?
1840e
What is 10120320133 (base 4) in base 15?
17ad4a
136591 (base 10) to base 2
100001010110001111
Convert 441033320 (base 5) to base 12.
773568
-bad8 (base 15) to base 11
-27810
Convert -1204944 (base 10) to base 13.
-3325b0
521456 (base 8) to base 14
46dc2
Convert 16781613 (base 9) to base 15.
b1a533
What is 101412143 (base 5) in base 15?
84533
What is 11801736 (base 9) in base 10?
5788131
a557aa (base 11) to base 9
3157063
Convert -150244 (base 10) to base 5.
-14301434
782a3 (base 11) to base 2
11011101101010010
Convert -1cdc4 (base 16) to base 12.
-584b0
What is -230235142 (base 6) in base 16?
-4062e6
What is -236e5 (base 15) in base 7?
-650162
What is -51213241 (base 6) in base 7?
-15305005
Convert -381cea (base 16) to base 6.
-210453030
Convert 523022403 (base 6) to base 14.
12cca1d
Convert -133013 (base 8) to base 12.
-22b77
Convert 26341 (base 13) to base 3.
10121012121
Convert 333330011 (base 4) to base 5.
31340033
What is 20a94 (base 11) in base 7?
155125
What is -2ad201 (base 16) in base 3?
-12021120111001
What is 85bb33 (base 12) in base 3?
10222110012010
Convert -23333112311 (base 4) to base 15.
-421448
-576501 (base 8) to base 4
-233311001
-11022221200 (base 3) to base 6
-1454413
323301213 (base 4) to base 2
111011110001100111
What is 18b179 (base 12) in base 3?
211001021210
-4985533 (base 10) to base 15
-6872dd
What is -b31265 (base 15) in base 5?
-4134241140
1111101000111110 (base 2) to base 8
175076
1820944 (base 11) to base 14
5a6340
2203213 (base 5) to base 6
451341
Convert 510335 (base 6) to base 11.
28313
Convert 1225171 (base 9) to base 15.
d2701
Convert -2